ose -b = -2*i + 135, -11*i + 339 = -6*i - 4*b. What is the remainder when i is divided by 24?
19
Let s be (-4)/(-1 - 6/(-2))*156. What is the remainder when (-6)/(-10) - (s/30 + 2) is divided by 6?
3
Let h = 2040 + -1997. Calculate the remainder when 192 is divided by h.
20
Let i(m) = -10*m**3 + 8*m**2 - 2*m - 4. Suppose 0 = 2*f - 43 - 5. What is the remainder when f is divided by i(-1)?
8
Let d = -135 - -144. Calculate the remainder when 149 is divided by d.
5
Suppose -9*b = -20*b + 242. Calculate the remainder when b is divided by 4.
2
Let h = 122 - 69. Suppose 3*w + h = s, 2*s - w = 4*w + 106. Calculate the remainder when s is divided by 19.
15
Suppose 7*l = -83 + 552. Calculate the remainder when l is divided by 34.
33
Let b = 108 + -36. What is the remainder when 72 is divided by (960/b)/(4/6)?
12
Suppose -16 = -2*b + 3*x, 0 = 4*b - 6*b - 5*x - 16. Suppose -3*a = -19 - 17. Calculate the remainder when (b + -17)/((-4)/12) is divided by a.
9
Suppose -21 = -m + 3. Let u = -82 - -122. Let v = u - m. Calculate the remainder when v is divided by 9.
7
Suppose 0 = -157*c + 180*c - 759. What is the remainder when c is divided by 9?
6
Let i be 1/(-8) - 4808/(-64). Let x = -46 + i. Calculate the remainder when x is divided by 8.
5
Let d be (2/(-4))/((-2)/(-44)). Let v(z) = -z**3 + 30*z**2 + 36. Let s be v(30). Let u = s + d. Calculate the remainder when u is divided by 9.
7
Let l = 154 - -130. Calculate the remainder when l is divided by 57.
56
Let k(f) = -7*f**2 - f - 1. Let b be k(2). Let z be (-334)/(-6) - (-6)/(-9). Let y = z + b. What is the remainder when y is divided by 14?
10
Suppose -4*x - 4*n = -23 - 21, 4*n = -3*x + 34. Let m(c) = -2*c**2 - 31*c - 6. What is the remainder when m(-13) is divided by x?
9
Let s = -510 + 535. Calculate the remainder when 147 is divided by s.
22
Let f = 70 + -117. Let k = -37 - f. What is the remainder when 28 is divided by k?
8
Let j(g) = 2*g + 1. Suppose r - 5 = o + 2, -5*r = 2*o. Let i be j(o). Let m = i + 16. Calculate the remainder when 18 is divided by m.
4
Let o = -1 - -3. Suppose -o*g = -2 + 32. What is the remainder when 4/(-3) - 215/g is divided by 8?
5
Let i = -23 + 27. Suppose -3*t + i*a + 5 = -38, -2*t = -4*a - 22. Calculate the remainder when t is divided by 12.
9
Let d = 126 + -79. What is the remainder when d is divided by 15?
2
Suppose 4*o - 34 = 2*o. Suppose -2*g - h + o = -20, 3*h - 91 = -5*g. Let s = 94 + -56. Calculate the remainder when s is divided by g.
18
Suppose 0 = -4*w - 20, 240 = -8*m + 3*m - w. Let v = -25 - m. Calculate the remainder when v is divided by 12.
10
Let a be ((-5)/(-2))/((-2)/(-4)). Let v = -11 + a. What is the remainder when 23 is divided by 2/6 + (-70)/v?
11
Let k = -46 + 53. Suppose 4*r - 2*u - 4 - 48 = 0, 2*u = r - k. What is the remainder when 42 is divided by r?
12
Suppose -4*f - 5*x + 110 = -301, 5*x = 3*f - 352. Calculate the remainder when f is divided by 29.
22
Calculate the remainder when 119 is divided by 24 - -11 - (6 - 1).
29
Let s(u) = -14*u. Let b be s(-1). What is the remainder when 173 is divided by (-10)/(-4)*b + 0/7?
33
Let v(n) = n + 8. Suppose -12 = -4*u + 296. Calculate the remainder when v(0) is divided by (12/(-14))/((-22)/u).
2
What is the remainder when 417 is divided by ((-17)/((-204)/8))/((-2)/(-66))?
21
Let w(r) = 227*r - 6. Let p be w(-2). Let y be (-6)/(-39) + p/(-52). Let s = 24 - y. Calculate the remainder when 59 is divided by s.
14
Let v be 3 + 5*(1 + -2). Let m = 3 - v. Suppose 2*r + 48 = m*i + 3*r, 5*i + 3*r - 54 = 0. What is the remainder when 35 is divided by i?
8
Let t = -206 - -208. What is the remainder when 9 is divided by t?
1
Let u be (-1)/((-2)/(-9*6)). Let l = u - -112. What is the remainder when l is divided by (1 - 244/12)*(-18)/12?
27
Suppose -22*t + 4165 + 6989 = 0. What is the remainder when t is divided by 15?
12
Let w(f) = -3*f**3 - 26*f**2 + 7*f + 6. What is the remainder when 92 is divided by w(-9)?
20
Suppose 2*k - 7*k = -d + 51, 0 = -3*d - 2*k + 153. What is the remainder when 455 is divided by d?
47
Let g(t) = -10*t + 54. What is the remainder when g(-6) is divided by 39?
36
Suppose -15 = t + 3*z + z, -2 = 2*z. Suppose 5*q = 5*u + 120, u + 2*q + 16 = q. Let w = t - u. Calculate the remainder when 16 is divided by w.
7
Let z = 145 + -61. What is the remainder when (-36)/(z/16 - 4 - 2) is divided by 10?
8
Let v(w) = 3*w**2 - 4*w - 2. Let d be v(2). Let h be 25/(3/(-12)*d). Let o = h - -93. What is the remainder when o is divided by 15?
13
Suppose 8*p = 3*p - 2*s + 45, -4*p - s + 36 = 0. Let b(n) = 23 + 2*n - 6*n + 3*n. Calculate the remainder when 54 is divided by b(p).
12
Let z(x) = -x**2 - 14*x - 10. Calculate the remainder when 6 - (0 + -39 + -8) is divided by z(-12).
11
Suppose 113 = -36*s + 437. Calculate the remainder when 196 is divided by s.
7
Suppose 3*w - 69 = 5*u, 0 = 2*w + u - 5*u - 48. Suppose -4*c - 28 = 4. Calculate the remainder when w is divided by (-51)/(-6) - 12/c.
8
Suppose -51*j - 1854 = -60*j. Calculate the remainder when j is divided by 52.
50
Suppose 4*g = -k + 95, -5*k + 0*k - 31 = -2*g. Calculate the remainder when 31 is divided by g.
8
Suppose -9*p - 2254 = 1418. Suppose 7*v - 3*v + 16 = 0. Calculate the remainder when v/14 - p/56 is divided by 5.
2
Let j = -456 + 461. Calculate the remainder when 22 is divided by j.
2
Let o(j) = -5*j**2 + 57*j + 15. Calculate the remainder when 108 is divided by o(11).
34
Let p(z) = -z**2 + 2*z - 3. Let q(r) = -r**3 + 1. Let m(v) = -p(v) - 3*q(v). What is the remainder when m(2) is divided by 9?
6
Let c be (1/2 + 1)*8/(-3). What is the remainder when 110 is divided by ((-87)/12)/(1/c)?
23
Let b(a) = -a**3 + 7*a**2 + 9*a - 6. Suppose 152 - 442 = -10*q. What is the remainder when b(6) is divided by q?
26
Let v(q) = 2*q**2 - 2*q + 1. Let p(g) = 2*g + 38. Let x be p(-20). What is the remainder when v(x) is divided by 2?
1
Calculate the remainder when 17 is divided by 12 - (7 - 7 - 0).
5
Suppose q + 4*w = 66, -22*q + w = -23*q + 51. Calculate the remainder when 174 is divided by q.
36
Suppose -2*w + 3*x = -63, 2*w - 5*w = 2*x - 114. Let v = w - 13. What is the remainder when 60/7*(-42)/(-4) is divided by v?
21
Suppose 0 = 5*k - 1 - 14. Let y = k + 9. What is the remainder when (y - 1) + -1 - -3 is divided by 8?
5
Let j = 629 - 47. What is the remainder when j is divided by 65?
62
Suppose 42*t = 34*t + 632. Calculate the remainder when 222 is divided by t.
64
Suppose 4*k + 1821 = 2845. What is the remainder when k is divided by 9?
4
Suppose -10 = -2*c + 4*c, 0 = -3*o + 4*c + 32. Suppose o*x - 60 = 2*x. Let m = x + -21. Calculate the remainder when 24 is divided by m.
6
Let a(x) = -12*x - 145. Calculate the remainder when a(-21) is divided by 29.
20
Let w(x) = -x + 15. Let k be w(0). Let j(o) = -o**3 - 3*o**2 - 6*o - 7. Calculate the remainder when (-3)/2*(-310)/k is divided by j(-3).
9
Let h(n) = 5*n + 60. What is the remainder when h(17) is divided by 75?
70
Let v = -186 - -327. Let w = v - 100. Calculate the remainder when w is divided by 14.
13
Suppose 0 = -22*z + 68*z - 368. What is the remainder when 28 is divided by z?
4
Suppose 27 = 4*w - w. What is the remainder when (-435)/(-9) + (-3)/w is divided by 17?
14
Let v = -1063 - -1101. Calculate the remainder when 70 is divided by v.
32
Suppose -1342 = 5*o - 27*o. Suppose 4*r = 20, -3*t + 3*r + o = -r. What is the remainder when 80 is divided by t?
26
Calculate the remainder when (-19 - -238)/(3/2) is divided by 21.
20
Let p(m) = -3*m**2 - 4. Let h(f) = 14*f**2 + 21. Let o(z) = -4*h(z) - 21*p(z). What is the remainder when o(-3) is divided by 6?
3
Suppose -2 = -8*p + 7*p. Let d = 2 - 0. Calculate the remainder when p is divided by d.
0
Calculate the remainder when 56 is divided by 22*(8 - 6) - 6.
18
Suppose -4*p = -2*t - 0*t + 114, 0 = -4*t + 2*p + 216. Calculate the remainder when t is divided by 18.
17
Let l(x) = -29*x - 76. What is the remainder when l(-8) is divided by 43?
27
Let w = -43 - -54. Calculate the remainder when 38 is divided by 21 + (1 - 0 - (w - 9)).
18
Let i(o) = 3*o**3 - 3*o**2 + 3*o - 1. Suppose 5*f = 5*j + 10*f - 90, -4*f - 54 = -2*j. Calculate the remainder when i(3) is divided by j.
20
Suppose 3*j + 1 = -2*c + 5, -j + 4*c = -20. Let a = j + -2. Let n(z) = 10*z**3 - z**2 + 3*z